{"id":49,"date":"2016-12-18T20:13:18","date_gmt":"2016-12-18T20:13:18","guid":{"rendered":"http:\/\/beta.a-zdienstleistungen.ch\/?page_id=49"},"modified":"2016-12-18T20:13:18","modified_gmt":"2016-12-18T20:13:18","slug":"renovation-umbauten","status":"publish","type":"page","link":"https:\/\/a-zdienstleistungen.ch\/?page_id=49","title":{"rendered":"renovation &#038; umbauten"},"content":{"rendered":"<p>In diesem Teilbereich messen wir der Werterhaltung Ihrer Liegenschaft einen grossen Stellenwert zu. Der kontrollierte Unterhalt wertvoller Bausubstanz gew\u00e4hrleistet eine stetige Werterhaltung und Wertvermehrung Ihrer Immobilie.<\/p>\n<p>Kleinere Unterhaltsarbeiten f\u00fchren wir im Rahmen unseres Hauswartungsvertrages direkt durch.<\/p>\n<p>Renovations-<wbr \/> und Umbauarbeiten begleiten wir als Generalunternehmer direkt oder \u00fcbergeben diese einem Architekten oder Generalplaner und \u00fcberwachen deren T\u00e4tigkeit im Mandat als Bauprojektmanagement.<\/p>\n<p>Die jahrelange Zusammenarbeit mit ortsans\u00e4ssigen, seri\u00f6sen und fachlich kompetenten Handwerkern erm\u00f6glicht uns Ihnen eine fach-<wbr \/> und termingerechte Arbeitsausf\u00fchrung zu fairen und marktkonformen Preisen zu offerieren.<\/p>\n<p>\u2022 Aufnahme der auszuf\u00fchrenden Arbeiten<br \/>\n\u2022 Einholen von Kostenvoranschl\u00e4gen<br \/>\n\u2022 Offert Vergleiche<br \/>\n\u2022 Durchf\u00fchrung von Abgebotsrunden<br \/>\n\u2022 Erstellen von Werkvertr\u00e4gen und \/ oder Auftragsbest\u00e4tigungen<br \/>\n\u2022 Erstellen von Terminpl\u00e4nen f\u00fcr die l\u00fcckenlose Arbeitsausf\u00fchrung<br \/>\n\u2022 Ueberwachung der Arbeitsausf\u00fchrung<br \/>\n\u2022 Kontrolle der Schlussabrechnungen<\/p>\n","protected":false},"excerpt":{"rendered":"<p>In diesem Teilbereich messen wir der Werterhaltung Ihrer Liegenschaft einen grossen Stellenwert zu. Der kontrollierte Unterhalt wertvoller Bausubstanz gew\u00e4hrleistet eine stetige Werterhaltung und Wertvermehrung Ihrer Immobilie. Kleinere Unterhaltsarbeiten f\u00fchren wir im Rahmen unseres Hauswartungsvertrages direkt durch. Renovations- und Umbauarbeiten begleiten wir als Generalunternehmer direkt oder \u00fcbergeben diese einem Architekten oder Generalplaner und \u00fcberwachen deren T\u00e4tigkeit &#8230; <a title=\"renovation &#038; umbauten\" class=\"read-more\" href=\"https:\/\/a-zdienstleistungen.ch\/?page_id=49\">weiterlesen<\/a><\/p>\n","protected":false},"author":1,"featured_media":0,"parent":0,"menu_order":0,"comment_status":"closed","ping_status":"closed","template":"","meta":{"footnotes":""},"class_list":["post-49","page","type-page","status-publish"],"_links":{"self":[{"href":"https:\/\/a-zdienstleistungen.ch\/index.php?rest_route=\/wp\/v2\/pages\/49","targetHints":{"allow":["GET"]}}],"collection":[{"href":"https:\/\/a-zdienstleistungen.ch\/index.php?rest_route=\/wp\/v2\/pages"}],"about":[{"href":"https:\/\/a-zdienstleistungen.ch\/index.php?rest_route=\/wp\/v2\/types\/page"}],"author":[{"embeddable":true,"href":"https:\/\/a-zdienstleistungen.ch\/index.php?rest_route=\/wp\/v2\/users\/1"}],"replies":[{"embeddable":true,"href":"https:\/\/a-zdienstleistungen.ch\/index.php?rest_route=%2Fwp%2Fv2%2Fcomments&post=49"}],"version-history":[{"count":1,"href":"https:\/\/a-zdienstleistungen.ch\/index.php?rest_route=\/wp\/v2\/pages\/49\/revisions"}],"predecessor-version":[{"id":51,"href":"https:\/\/a-zdienstleistungen.ch\/index.php?rest_route=\/wp\/v2\/pages\/49\/revisions\/51"}],"wp:attachment":[{"href":"https:\/\/a-zdienstleistungen.ch\/index.php?rest_route=%2Fwp%2Fv2%2Fmedia&parent=49"}],"curies":[{"name":"wp","href":"https:\/\/api.w.org\/{rel}","templated":true}]}}